What are the prime factors of y?
2, 3, 41
Suppose -120*x + 809649 = 73809. List the prime factors of x.
2, 3, 7, 73
Suppose -5*i = 5*y - 19754 - 58131, -77857 = -5*i - 9*y. List the prime factors of i.
2, 487
Suppose j - 3*i - 6368 = 0, -3*j - 60*i + 62*i = -19125. What are the prime factors of j?
7, 911
Let y(k) = -k**2 + 14*k + 47. Suppose -3*r = -5*j - 41, -2*r - 2*r + 66 = -j. Let b be y(r). What are the prime factors of (-4)/b - -34 - (0 - 2)?
37
Let u = -5603 - -9353. List the prime factors of u.
2, 3, 5
Let d be (99/6)/(0 + (-6)/(-4064)). List the prime factors of d/14 - 106/371.
2, 3, 7, 19
Let i = 4915 + 3675. List the prime factors of i.
2, 5, 859
Suppose 0 = 2*d - 3*d. Let l be 256*(d + (-45)/(-20)). Suppose 6*r = -2*r + l. List the prime factors of r.
2, 3
Let x(o) = -752*o - 10. Suppose q - 3*m - 5 = 2*m, 4*m + 5 = q. Let a be x(q). What are the prime factors of (-2)/(-9) + 4 + a/(-45)?
2, 11
Let l(g) = -20*g**3 + g - 1. Let y be l(1). Let n = y - -90. Suppose 3*x = -2*x + n. List the prime factors of x.
2, 7
Suppose -13*v = -7*v - 6. Let w be 67/(v/2 + (-8)/20). Suppose w - 2089 = -11*x. List the prime factors of x.
3, 43
Let x(g) = -5*g**3 - 25*g**2 - 51*g - 551. List the prime factors of x(-13).
2, 859
Suppose -60639 + 9740 - 48111 = -10*u. List the prime factors of u.
9901
Suppose 69 = 4*m + 93. Let j(t) = -t**3 - 3*t**2 + 5*t. Let q be j(-4). What are the prime factors of (m/9)/(q/372)?
2, 31
Suppose 5*c - 5*l - 1 = -6, -2*l - 4 = -5*c. Suppose -6 = -2*g + 4, -2*s + 4*g = 22. What are the prime factors of c*72/4 + s + 3?
2, 19
Let a(r) = -r**3 + 13*r**2 - 2*r - 14. Let n be a(12). Let o = 54 + n. What are the prime factors of o?
2, 5
List the prime factors of -6 + (-264)/(-42) + 215905/35.
31, 199
Let r = 374 + 6. Suppose 2*d = r + 364. Suppose 0 = -t + 2*v + 77, -2*t = -7*t - 3*v + d. List the prime factors of t.
3, 5
Suppose 4*s - 175350 = -5*t - 29570, 4*t = s + 116603. List the prime factors of t.
2, 911
Let x(b) = -4*b + 16. Let h be x(4). Suppose -2 = q + j - 3, h = -4*q - j + 10. List the prime factors of 681/q - (4 - 4).
227
Let h be -3 - (-5)/(-2)*(-4)/(-10). Let p = 93 + -47. Let n = h + p. List the prime factors of n.
2, 3, 7
Suppose 2*v + 20 = 5*q, 5*q + v = -4*v - 15. Suppose -2*i = -5*i - 4*k - 19, 4*k = -16. What are the prime factors of q/2 - 49/(i - 0)?
2, 5
Suppose 0*t = -3*t + x + 14, 2*t - 16 = -x. List the prime factors of 4/(-26) + t*(-594)/(-13).
2, 137
Suppose 0 = -6*t - 33 + 51. Suppose -1634 - 417 = -5*q + t*c, 830 = 2*q + 2*c. Let z = -246 + q. List the prime factors of z.
2, 83
Suppose -3*b + 9*b - 2*j = 2*b + 52000, -3*j = 0. List the prime factors of b.
2, 5, 13
Let b be 18/(-2) - -7 - 338. Let j = 231 - b. List the prime factors of j.
571
Suppose 710 + 640 = 5*q. Let w = 184 + -22. Let j = q - w. What are the prime factors of j?
2, 3
Let a be (-2347)/(-5) - (-2)/(-5). Suppose -1519 = -6*t - a. Suppose 0 = -3*w + 4*d + t, 3*w - 2*d - 273 = -2*w. List the prime factors of w.
53
Let a(u) = 56*u + 310. Let p be a(-5). Suppose 41*g - 12496 = p*g. What are the prime factors of g?
2, 71
Let a(o) = o**3 - 11*o**2 + 10*o - 21. Let r be a(10). Let i be (-8)/(-28) - 330/r. Suppose -i*x - 100 = -20*x. What are the prime factors of x?
5
Let f(w) = 2*w**3 - w**2 + 2*w - 2. Let k be f(2). Suppose k*c - 7*c = 28. Suppose 0 = -c*r - 172 + 776. What are the prime factors of r?
151
Suppose 5*v = -4*d + 86409, 5*v + 14 + 1 = 0. List the prime factors of d.
2, 3, 13, 277
Suppose 0 = 2*g - 4*s + 2868, -4 + 0 = -4*s. Let w = 2135 + g. List the prime factors of w.
19, 37
Let r = -13 - -10. Let d be 13 + 1 + 0 + r. Suppose 5*m - d = 239. List the prime factors of m.
2, 5
Let q = 299 + -125. Let h = 604 - q. What are the prime factors of h?
2, 5, 43
What are the prime factors of (-150773)/(-21) - (4/9)/(2/3)?
3, 2393
List the prime factors of 246/(-30) + 8 + 1268208/40.
5, 17, 373
List the prime factors of (-8576)/(-104) + 72/(-156).
2, 41
Let w(h) = -16*h - 10. Let j be w(3). List the prime factors of 277 + (20/(-200) - j/(-20)).
2, 137
Suppose -2*h + 4 + 4 = 0. Let i = 38 + 117. Suppose -h*o = -65 - i. List the prime factors of o.
5, 11
Let h = 172 - 175. Let g = h + 349. List the prime factors of g.
2, 173
Let c = 5813 - 1910. What are the prime factors of c?
3, 1301
Let f(w) = -252*w**2 - 27*w - 28. Let j be f(-26). What are the prime factors of 2/3 + j/(-129)?
2, 7, 47
Let s(o) = 127*o**2 - 39*o - 6. List the prime factors of s(-12).
2, 3, 5
Let c be (-3)/(5/3225*5). Let b = 784 + c. Suppose -8*u + b = -475. List the prime factors of u.
109
Suppose 0 = -3*t + 2*q - 18, 4*t + 16 = -2*q + 6. Let h = 4 - -64. Let c = h + t. What are the prime factors of c?
2
Let o = -442 - -2014. What are the prime factors of o?
2, 3, 131
Let c be (1 - 6 - -17)*(-1)/(-1). Suppose 0*o - 4*o = 2*m - 16, -m - c = -3*o. Suppose o*q - 3*q - 68 = 0. List the prime factors of q.
2, 17
Suppose 27*m = 22*m - 2*h + 96029, m + 3*h - 19198 = 0. What are the prime factors of m?
19207
Suppose 321*k - 328*k + 246659 = 0. List the prime factors of k.
167, 211
Suppose 3 = 4*v - s, 2*v - 2*s + 5 = 5*v. What are the prime factors of (v + -9)*532/(-112)?
2, 19
Let b = -30 + 33. Suppose b*y - 858 = 558. Suppose -104 = -6*m + y. List the prime factors of m.
2, 3
Let m = -366 + 260. List the prime factors of (-5)/35 + m/(-7).
3, 5
Let h(g) = g**3 - 7*g**2 - 8*g. Let c be h(8). Suppose -10*i + 7862 - 2882 = c. List the prime factors of i.
2, 3, 83
Suppose 0 = -2*j + 2, h + 5*j = 4*h - 1744. Suppose 0*u + h = -2*s - 3*u, -3*s - 3*u = 873. Let v = -38 - s. What are the prime factors of v?
2, 3, 7
Let r = 64 - 52. What are the prime factors of (-2)/(-6) + 2696/r?
3, 5
What are the prime factors of (2 - (-3 + -6734)) + 14 + -12 - -2?
11, 613
What are the prime factors of 2416337/616 + 4/(64/6)?
3923
Suppose -4*u + 9 = -b, 3*b + 11*u = 7*u + 21. Suppose -b*k - 4*g + 2078 + 416 = 0, -3328 = -4*k - 4*g. List the prime factors of k.
2, 3, 139
List the prime factors of (2/(-2))/((-87)/(-348)) + 1192.
2, 3, 11
Let t be (-8)/2 - -8 - 12172. List the prime factors of ((-1)/(-1))/(-9*8/t).
13
Let p be ((-13350)/125)/(3/(-10)). Suppose 0 = p*b - 361*b + 2235. List the prime factors of b.
3, 149
List the prime factors of 4*((-3806891)/(-734) - (1 - 0)*-1).
2, 5, 83
Suppose 41 = 5*x - 4*d - 2, -5*x - 5*d = -70. Let k(f) = 2*f**2 + 4*f - 96. List the prime factors of k(x).
2, 5, 19
Suppose -b - 13 + 23 = 0. Let q be (-3)/(12/b)*(-20258)/35. Suppose -983 = -10*g + q. List the prime factors of g.
3
Suppose -5*h = v - 8869, -3*h - 4965 - 12786 = -2*v. List the prime factors of v.
2, 3, 17, 29
Let w(s) = 557*s**2 + 16*s - 51. Let a be w(4). Suppose 0 = -p - 4*p + a. What are the prime factors of p?
3, 5, 7, 17
Let m(a) = 175*a**2 + 18*a - 9. List the prime factors of m(4).
7, 409
Let q(a) = 2*a**3 - 38*a**2 - 77*a + 89. List the prime factors of q(28).
3, 5, 11, 73
Let w(l) = -4018*l - 1808. What are the prime factors of w(-5)?
2, 3, 11, 277
Let d(b) = b**3 + 4*b + 3. Let o be d(4). Let u = o - -57. Let h = 215 - u. What are the prime factors of h?
3, 5
Let j = 2026 - -5227. List the prime factors of j.
7253
Let v = 266 - 577. Let f = 421 + v. What are the prime factors of f?
2, 5, 11
Suppose -3*s + 5*s - 2*q = -190, 97 = -s + 3*q. Suppose 3*o = -4*t + 418 + 64, -t - 5*o = -112. Let h = t - s. What are the prime factors of h?
2, 3
Let j = 64 + -67. What are the prime factors of ((0 - -4)/(-1))/(j/222)?
2, 37
Suppose 0 = -o + 3*d + 38225, 55*d + 76480 = 2*o + 54*d. List the prime factors of o.
167, 229
Suppose -2035*z + 2039*z = 28528. What are the prime factors of z?
2, 1783
Suppose 13*o - o = 1188. Suppose -13*d + 44 + o = 0. Suppose -2805 = -6*x - d*x. What are the prime factors of x?
3, 5, 11
Suppose -4*y - 20 = 5*o - 0*y, -o = -3*y - 15. Suppose -5*i - 2*s + 1500 = o, 3*s + 2*s = 3*i - 900. List the prime factors of i.
2, 3, 5
What are the prime factors of (-1084044)/(-92) - (-54)/(-621)?
11783
Suppose 4*x - 510 - 35561 = 5*v, 0 = 2*x + 4*v - 18016. List the prime factors of x.
2, 4507
Suppose 0 = 11*m - 46636 + 9456. Suppose m = 7*s + 832. What are the prime factors of s?
2, 7, 13
Let c(y) = -180*y + 12. Let j be c(-6). Suppose 10*l = 14*l - j. Suppose 3*q + l = 3*r, 52